{"id":912,"date":"2025-06-03T16:55:10","date_gmt":"2025-06-03T14:55:10","guid":{"rendered":"https:\/\/www.limaluxury.fr\/?page_id=912"},"modified":"2025-08-22T11:12:20","modified_gmt":"2025-08-22T09:12:20","slug":"index-2024","status":"publish","type":"page","link":"https:\/\/www.limaluxury.fr\/index.php\/index-2024\/","title":{"rendered":"Index 2024"},"content":{"rendered":"[vc_row type=&#8221;in_container&#8221; full_screen_row_position=&#8221;middle&#8221; column_margin=&#8221;default&#8221; column_direction=&#8221;default&#8221; column_direction_tablet=&#8221;default&#8221; column_direction_phone=&#8221;default&#8221; scene_position=&#8221;center&#8221; top_padding=&#8221;8%&#8221; constrain_group_1=&#8221;yes&#8221; bottom_padding=&#8221;8%&#8221; text_color=&#8221;dark&#8221; text_align=&#8221;left&#8221; row_border_radius=&#8221;none&#8221; row_border_radius_applies=&#8221;bg&#8221; overflow=&#8221;visible&#8221; overlay_strength=&#8221;0.3&#8243; gradient_direction=&#8221;left_to_right&#8221; shape_divider_position=&#8221;bottom&#8221; bg_image_animation=&#8221;none&#8221; gradient_type=&#8221;default&#8221; shape_type=&#8221;&#8221;][vc_column column_padding=&#8221;no-extra-padding&#8221; column_padding_tablet=&#8221;inherit&#8221; column_padding_phone=&#8221;inherit&#8221; column_padding_position=&#8221;all&#8221; column_element_direction_desktop=&#8221;default&#8221; column_element_spacing=&#8221;default&#8221; desktop_text_alignment=&#8221;default&#8221; tablet_text_alignment=&#8221;default&#8221; phone_text_alignment=&#8221;default&#8221; background_color_opacity=&#8221;1&#8243; background_hover_color_opacity=&#8221;1&#8243; column_backdrop_filter=&#8221;none&#8221; column_shadow=&#8221;none&#8221; column_border_radius=&#8221;none&#8221; column_link_target=&#8221;_self&#8221; column_position=&#8221;default&#8221; gradient_direction=&#8221;left_to_right&#8221; overlay_strength=&#8221;0.3&#8243; width=&#8221;1\/4&#8243; tablet_width_inherit=&#8221;default&#8221; animation_type=&#8221;default&#8221; bg_image_animation=&#8221;none&#8221; border_type=&#8221;simple&#8221; column_border_width=&#8221;none&#8221; column_border_style=&#8221;solid&#8221;][\/vc_column][vc_column column_padding=&#8221;no-extra-padding&#8221; column_padding_tablet=&#8221;inherit&#8221; column_padding_phone=&#8221;inherit&#8221; column_padding_position=&#8221;all&#8221; column_element_direction_desktop=&#8221;default&#8221; column_element_spacing=&#8221;default&#8221; desktop_text_alignment=&#8221;default&#8221; tablet_text_alignment=&#8221;default&#8221; phone_text_alignment=&#8221;default&#8221; background_color_opacity=&#8221;1&#8243; background_hover_color_opacity=&#8221;1&#8243; column_backdrop_filter=&#8221;none&#8221; font_color=&#8221;#121628&#8243; column_shadow=&#8221;none&#8221; column_border_radius=&#8221;none&#8221; column_link_target=&#8221;_self&#8221; column_position=&#8221;default&#8221; gradient_direction=&#8221;left_to_right&#8221; overlay_strength=&#8221;0.3&#8243; width=&#8221;1\/2&#8243; tablet_width_inherit=&#8221;default&#8221; animation_type=&#8221;default&#8221; bg_image_animation=&#8221;none&#8221; border_type=&#8221;simple&#8221; column_border_width=&#8221;none&#8221; column_border_style=&#8221;solid&#8221; column_padding_type=&#8221;default&#8221; gradient_type=&#8221;default&#8221;][split_line_heading animation_type=&#8221;line-reveal-by-space&#8221; font_style=&#8221;h1&#8243; text_color=&#8221;#121628&#8243; line_reveal_by_space_text_effect=&#8221;default&#8221; content_alignment=&#8221;default&#8221; mobile_content_alignment=&#8221;inherit&#8221; link_target=&#8221;_self&#8221; text_direction=&#8221;default&#8221; text_content=&#8221;Index 2024 :&#8221;][\/split_line_heading][split_line_heading animation_type=&#8221;line-reveal-by-space&#8221; font_style=&#8221;h2&#8243; text_color=&#8221;#121628&#8243; line_reveal_by_space_text_effect=&#8221;default&#8221; content_alignment=&#8221;default&#8221; mobile_content_alignment=&#8221;inherit&#8221; link_target=&#8221;_self&#8221; text_direction=&#8221;default&#8221; text_content=&#8221;Un Engagement Concret pour l\u2019\u00c9galit\u00e9 Professionnelle&#8221;][\/split_line_heading][vc_column_text css=&#8221;&#8221; text_direction=&#8221;default&#8221;]\n<h4><strong>L\u2019engagement de Lima Luxury pour l\u2019\u00c9galit\u00e9 Professionnelle<\/strong><\/h4>\n[\/vc_column_text][divider line_type=&#8221;No Line&#8221; custom_height=&#8221;16px&#8221;][vc_column_text css=&#8221;&#8221; text_direction=&#8221;default&#8221;]Au sein du groupe Lima Luxury, nous reconnaissons l\u2019importance de cr\u00e9er un environnement de travail qui valorise l\u2019\u00e9quit\u00e9 et l\u2019inclusion. Fid\u00e8les \u00e0 notre engagement en faveur d\u2019un environnement juste, nous avons pleinement adopt\u00e9 les exigences de l\u2019Index de l\u2019\u00c9galit\u00e9 Professionnelle. Cette initiative refl\u00e8te notre d\u00e9vouement, non seulement \u00e0 respecter la loi, mais \u00e9galement \u00e0 garantir des opportunit\u00e9s \u00e9quitables \u00e0 tous nos collaborateurs.[\/vc_column_text][divider line_type=&#8221;No Line&#8221; custom_height=&#8221;28px&#8221;][vc_column_text css=&#8221;&#8221; text_direction=&#8221;default&#8221;]\n<h4><strong>L\u2019Index de l\u2019\u00c9galit\u00e9 Professionnelle et les Obligations L\u00e9gales<\/strong><\/h4>\n[\/vc_column_text][divider line_type=&#8221;No Line&#8221; custom_height=&#8221;16px&#8221;][vc_column_text css=&#8221;&#8221; text_direction=&#8221;default&#8221;]Depuis\u00a02019, toutes les entreprises fran\u00e7aises comptant au moins 50 salari\u00e9s ont l\u2019obligation l\u00e9gale de calculer et de publier chaque ann\u00e9e leur Index de l\u2019\u00c9galit\u00e9 Professionnelle. Ce score, sur un total de 100 points, \u00e9value les performances de l\u2019entreprise sur des indicateurs cl\u00e9s li\u00e9s \u00e0 l\u2019\u00e9galit\u00e9 professionnelle. Les r\u00e9sultats doivent \u00eatre publi\u00e9s sur le site internet de l\u2019entreprise et, en cas de mauvais score, des mesures correctives doivent \u00eatre mises en place. Les entreprises affichant un score inf\u00e9rieur \u00e0 75 points pendant trois ann\u00e9es cons\u00e9cutives s\u2019exposent \u00e0 une sanction financi\u00e8re pouvant aller jusqu\u2019\u00e0 1 % de leur masse salariale.[\/vc_column_text][divider line_type=&#8221;No Line&#8221; custom_height=&#8221;28px&#8221;][vc_column_text css=&#8221;&#8221; text_direction=&#8221;default&#8221;]\n<h4><strong>Mesurer l\u2019\u00c9galit\u00e9 Professionnelle chez Lima Luxury<\/strong><\/h4>\n[\/vc_column_text][divider line_type=&#8221;No Line&#8221; custom_height=&#8221;16px&#8221;][vc_column_text css=&#8221;&#8221; text_direction=&#8221;default&#8221;]L\u2019index repose sur plusieurs indicateurs permettant d\u2019\u00e9valuer l\u2019\u00e9quit\u00e9 dans des aspects fondamentaux de l\u2019emploi. Ces indicateurs comprennent\u202f:<\/p>\n<ol>\n<li><strong>L\u2019\u00e9cart de r\u00e9mun\u00e9ration entre les sexes<\/strong>\u00a0\u2013 Pond\u00e9r\u00e9 \u00e0 40 points, il mesure la diff\u00e9rence de salaire entre les hommes et les femmes.<\/li>\n<li><strong>Les augmentations individuelles<\/strong>\u00a0\u2013 Valoris\u00e9es \u00e0 20 points, elles \u00e9valuent la r\u00e9partition des augmentations salariales entre les sexes.<\/li>\n<li><strong>Les promotions<\/strong>\u00a0(pour les entreprises de plus de 250 salari\u00e9s).<\/li>\n<li><strong>Les ajustements de salaire apr\u00e8s un cong\u00e9 maternit\u00e9<\/strong>\u00a0\u2013 Attribu\u00e9s \u00e0 15 points, ils v\u00e9rifient si les employ\u00e9s revenant de cong\u00e9 maternit\u00e9 re\u00e7oivent les augmentations qui auraient normalement d\u00fb leur \u00eatre accord\u00e9es.<\/li>\n<li><strong>La repr\u00e9sentation des femmes parmi les plus hautes r\u00e9mun\u00e9rations<\/strong>\u00a0\u2013<\/li>\n<li>Alloue 10 points aux entreprises qui montrent une plus grande diversit\u00e9 de genre parmi leurs 10 salari\u00e9s les mieux r\u00e9mun\u00e9r\u00e9s.<\/li>\n<\/ol>\n<p>Chez Lima Luxury, nos efforts se concentrent sur l\u2019am\u00e9lioration continue de ces indicateurs afin d\u2019atteindre et de d\u00e9passer le seuil des 75 points.[\/vc_column_text][divider line_type=&#8221;No Line&#8221; custom_height=&#8221;28px&#8221;][vc_column_text css=&#8221;&#8221; text_direction=&#8221;default&#8221;]\n<h4><strong>Une Progression Constante de 2022 \u00e0 2024<\/strong><\/h4>\n[\/vc_column_text][divider line_type=&#8221;No Line&#8221; custom_height=&#8221;16px&#8221;][vc_column_text css=&#8221;&#8221; text_direction=&#8221;default&#8221;]Depuis que nous avons commenc\u00e9 \u00e0 calculer l\u2019Index de l\u2019\u00c9galit\u00e9 Professionnelle en 2022, Lima Luxury a accompli des progr\u00e8s significatifs\u202f:<\/p>\n<ul>\n<li><strong>2022<\/strong>\u00a0\u2013 Score initial de\u00a0<strong>58<\/strong><strong>\u202f%<\/strong>. Bien que ce chiffre soit en dessous des exigences minimales, il nous a fourni un point de d\u00e9part clair et a mis en \u00e9vidence les domaines n\u00e9cessitant des am\u00e9liorations, notamment l\u2019\u00e9quit\u00e9 salariale et la repr\u00e9sentation des femmes parmi les hauts salaires.<\/li>\n<li><strong>2023<\/strong>\u00a0\u2013 Le score est pass\u00e9 \u00e0\u00a0<strong>84<\/strong><strong>\u202f%<\/strong>, refl\u00e9tant nos efforts pour r\u00e9duire les \u00e9carts de salaire et am\u00e9liorer les augmentations individuelles pour tous les sexes.<\/li>\n<li><strong>2024<\/strong>\u00a0\u2013 Nos r\u00e9sultats les plus r\u00e9cents affichent un score de\u00a0<strong>87<\/strong><strong>\u202f%<\/strong>, d\u00e9passant la barre critique des 85 points. Cette progression t\u00e9moigne d\u2019avanc\u00e9es concr\u00e8tes et de notre engagement continu \u00e0 promouvoir l\u2019\u00e9quit\u00e9, particuli\u00e8rement en am\u00e9liorant la repr\u00e9sentation des genres parmi les postes les mieux r\u00e9mun\u00e9r\u00e9s<\/li>\n<\/ul>\n[\/vc_column_text][divider line_type=&#8221;No Line&#8221; custom_height=&#8221;28px&#8221;][vc_column_text css=&#8221;&#8221; text_direction=&#8221;default&#8221;]\n<h4><strong>Une Perspective Pour l\u2019Avenir<\/strong><\/h4>\n[\/vc_column_text][divider line_type=&#8221;No Line&#8221; custom_height=&#8221;16px&#8221;][vc_column_text css=&#8221;&#8221; text_direction=&#8221;default&#8221;]Bien que nous soyons fiers de nos avanc\u00e9es, Lima Luxury reste d\u00e9termin\u00e9 \u00e0 poursuivre son effort d\u2019am\u00e9lioration continue en mati\u00e8re d\u2019\u00e9galit\u00e9 professionnelle. Chaque ann\u00e9e, nous chercherons \u00e0 perfectionner nos pratiques et \u00e0 maintenir un score refl\u00e9tant notre d\u00e9vouement en faveur de l\u2019\u00e9quit\u00e9 et de l\u2019\u00e9galit\u00e9 des chances.[\/vc_column_text][\/vc_column][vc_column column_padding=&#8221;no-extra-padding&#8221; column_padding_tablet=&#8221;inherit&#8221; column_padding_phone=&#8221;inherit&#8221; column_padding_position=&#8221;all&#8221; column_element_direction_desktop=&#8221;default&#8221; column_element_spacing=&#8221;default&#8221; desktop_text_alignment=&#8221;default&#8221; tablet_text_alignment=&#8221;default&#8221; phone_text_alignment=&#8221;default&#8221; background_color_opacity=&#8221;1&#8243; background_hover_color_opacity=&#8221;1&#8243; column_backdrop_filter=&#8221;none&#8221; column_shadow=&#8221;none&#8221; column_border_radius=&#8221;none&#8221; column_link_target=&#8221;_self&#8221; column_position=&#8221;default&#8221; gradient_direction=&#8221;left_to_right&#8221; overlay_strength=&#8221;0.3&#8243; width=&#8221;1\/4&#8243; tablet_width_inherit=&#8221;default&#8221; animation_type=&#8221;default&#8221; bg_image_animation=&#8221;none&#8221; border_type=&#8221;simple&#8221; column_border_width=&#8221;none&#8221; column_border_style=&#8221;solid&#8221;][\/vc_column][\/vc_row]\n","protected":false},"excerpt":{"rendered":"<p>[vc_row type=&#8221;in_container&#8221; full_screen_row_position=&#8221;middle&#8221; column_margin=&#8221;default&#8221; column_direction=&#8221;default&#8221; column_direction_tablet=&#8221;default&#8221; column_direction_phone=&#8221;default&#8221; scene_position=&#8221;center&#8221; top_padding=&#8221;8%&#8221; constrain_group_1=&#8221;yes&#8221; bottom_padding=&#8221;8%&#8221; text_color=&#8221;dark&#8221; text_align=&#8221;left&#8221; row_border_radius=&#8221;none&#8221; row_border_radius_applies=&#8221;bg&#8221; overflow=&#8221;visible&#8221; overlay_strength=&#8221;0.3&#8243; gradient_direction=&#8221;left_to_right&#8221; shape_divider_position=&#8221;bottom&#8221; bg_image_animation=&#8221;none&#8221; gradient_type=&#8221;default&#8221; shape_type=&#8221;&#8221;][vc_column column_padding=&#8221;no-extra-padding&#8221; column_padding_tablet=&#8221;inherit&#8221; column_padding_phone=&#8221;inherit&#8221; column_padding_position=&#8221;all&#8221; column_element_direction_desktop=&#8221;default&#8221; column_element_spacing=&#8221;default&#8221; desktop_text_alignment=&#8221;default&#8221; tablet_text_alignment=&#8221;default&#8221;&#8230;<\/p>\n","protected":false},"author":1,"featured_media":0,"parent":0,"menu_order":0,"comment_status":"closed","ping_status":"closed","template":"","meta":{"_monsterinsights_skip_tracking":false,"_monsterinsights_sitenote_active":false,"_monsterinsights_sitenote_note":"","_monsterinsights_sitenote_category":0,"footnotes":""},"class_list":["post-912","page","type-page","status-publish"],"_links":{"self":[{"href":"https:\/\/www.limaluxury.fr\/index.php\/wp-json\/wp\/v2\/pages\/912","targetHints":{"allow":["GET"]}}],"collection":[{"href":"https:\/\/www.limaluxury.fr\/index.php\/wp-json\/wp\/v2\/pages"}],"about":[{"href":"https:\/\/www.limaluxury.fr\/index.php\/wp-json\/wp\/v2\/types\/page"}],"author":[{"embeddable":true,"href":"https:\/\/www.limaluxury.fr\/index.php\/wp-json\/wp\/v2\/users\/1"}],"replies":[{"embeddable":true,"href":"https:\/\/www.limaluxury.fr\/index.php\/wp-json\/wp\/v2\/comments?post=912"}],"version-history":[{"count":8,"href":"https:\/\/www.limaluxury.fr\/index.php\/wp-json\/wp\/v2\/pages\/912\/revisions"}],"predecessor-version":[{"id":932,"href":"https:\/\/www.limaluxury.fr\/index.php\/wp-json\/wp\/v2\/pages\/912\/revisions\/932"}],"wp:attachment":[{"href":"https:\/\/www.limaluxury.fr\/index.php\/wp-json\/wp\/v2\/media?parent=912"}],"curies":[{"name":"wp","href":"https:\/\/api.w.org\/{rel}","templated":true}]}}